) a prime number?
True
Suppose 47*f - 5856 = 41*f. Let o = -303 + f. Is o prime?
True
Let z(b) = b**2 + 18*b - 86. Let x be z(-22). Let d be (240/18 - 4)/(x/129). Suppose -u + 362 = 21*p - 18*p, -3*u + d = 5*p. Is p a composite number?
True
Is -21 - 132/(-12) - -198657 a composite number?
False
Suppose -7*c = -10*c + 51. Let w = c + -14. Suppose 0*u - w*a = 3*u - 750, -5*u = -a - 1256. Is u prime?
True
Let o = -243 + 177. Is 237492/132 + (-3)/(o/(-4)) prime?
False
Suppose -2*f - 5*f = 4116. Let l = f - -1499. Is l a composite number?
False
Suppose -2 - 1 = -5*i + 3*r, 3*r + 3 = 0. Suppose 4*c - 39786 = -4*z + 10726, 5*c - 20 = i. Suppose -5*y + 386 = -z. Is y composite?
True
Let o(r) = -21*r**3 - 3*r**2 - r + 2. Suppose 2*t - 48 = 4*t. Let d = t - -21. Is o(d) a composite number?
True
Let q be -1*2/3 + 386/(-6). Let h be 13/q + (-666)/(-5). Let a = h - -25. Is a a prime number?
False
Suppose 4*q + 5*w - 3109 = 0, -5*w + 1081 = q + 285. Is q a prime number?
False
Suppose 2852200 + 386664 + 969697 = 49*a. Is a a prime number?
True
Let m be 1 - (12/(-3) + 0). Suppose -4*f - m*t = -660, -5*t - 80 = f - 260. Suppose f = 4*c - 588. Is c a prime number?
False
Let b(f) = -2*f**3 + 12*f**2 - 2*f + 14. Let u be b(6). Suppose 5*s - u = -7, -2*k = 2*s - 1484. Is k prime?
True
Suppose 16*y - 21*y = -10. Suppose -5039 = -y*i + 14255. Is i a prime number?
False
Let b(r) be the third derivative of 137*r**4/24 - 25*r**3/6 + r**2 + 5*r. Is b(12) prime?
True
Let j = 278700 + -60478. Is j composite?
True
Is ((-255656)/6)/((-442)/39 + 10) a prime number?
True
Is 5/(-3) + 9 + 100157/3 a prime number?
False
Let q(c) = 3*c**3 - 5*c**2 + 12*c - 15. Let o(d) = -16*d**3 + 24*d**2 - 61*d + 75. Let w(b) = 2*o(b) + 11*q(b). Let a be w(12). Let g = a + -562. Is g prime?
True
Let y(o) = -995*o**3 + 2*o + 5. Let t be y(2). Is -1 - 3 - (t + 28) a prime number?
True
Suppose 2*m - 53 + 18 = -n, -4*n + 20 = 0. Let t(y) = 245*y - 16. Is t(m) a prime number?
True
Let c(o) = o**2 - 3*o + 63. Let t be c(0). Let g = t + -35. Is 72758/g - 1/(-2) a prime number?
False
Is (6150945/12)/(-15 - (-780)/48) a prime number?
True
Suppose -9*z = -3*z + 24. Let c(s) = -125*s + 2. Let a be c(z). Suppose -5*o = 4*t - 2537, 0 = -o + 2*t - t + a. Is o a prime number?
False
Let z(o) = 7688*o**2 + 105*o + 201. Is z(-2) a composite number?
True
Let c be 204/3 + 1 + 1. Suppose 59*d - c*d = -11099. Is d composite?
False
Suppose -89*d - 10896 = -93*d. Suppose -6*a = 678 - d. Is a prime?
False
Let z be 2/(2*(-3)/(-6)). Suppose -5*t + z*a + 8 = 0, 0*a + 20 = 3*t - 5*a. Suppose t = 3*i - 5*l - 3056, -9*i + l + 5130 = -4*i. Is i a prime number?
False
Suppose 0*o = 3*o - 8079. Let v be 1 - (-1465 - 132/198*6*1). Let g = o - v. Is g composite?
False
Let j(p) = 2*p**2 + 27*p - 9. Let w be j(-15). Suppose 3*x = -0*x - w. Is 256 - x/4*1 prime?
False
Suppose -2008 = n + 2*g + g, 7981 = -4*n + 5*g. Let y(m) = 5*m**2 - 81*m - 54. Let k be y(-24). Let w = k + n. Is w a prime number?
False
Let p(v) = 29*v**2 - 30*v - 116. Suppose 0 = -3*k + 2*t - 4*t - 23, 4*k + 2*t + 32 = 0. Is p(k) composite?
False
Let q(d) = 9*d**3 + d**2 - 12*d + 9. Suppose -s = v - 4, v + v + 5*s = -1. Is q(v) a prime number?
True
Suppose -2*n - 3 = -9. Suppose -39 = -w + n*r, 2*w + 3*r = -2*w + 186. Suppose v = w + 492. Is v prime?
False
Suppose -665449 = -2*x - 5*o, -4*o + o = -21. Is x a composite number?
True
Suppose x - 5 = -o - 4, o + 5*x = -7. Suppose t - 693 = o*i, -t = 2*t + 4*i - 2014. Suppose -q + 683 + t = 0. Is q prime?
True
Suppose -4*v = -3*c - 152, -5*c + 67 = 4*v - 53. Suppose -34*h + v*h = 6033. Is h a prime number?
False
Suppose 1856*q = 1853*q + 15501. Is q a prime number?
True
Suppose 12 = 4*i - 0, 3*i + 51 = 3*p. Let d(f) = 13*f - 38. Let g be d(p). Suppose -z - g = -j, -2*z - 882 = -4*j - 0*z. Is j a prime number?
False
Suppose 1551124 + 1464047 + 4726423 = 14*x. Is x a prime number?
True
Suppose -117*d + 4*t + 32634 = -115*d, 2*d - 3*t = 32639. Is d prime?
False
Let c be ((-10)/6 - -2)*(17 - -1). Suppose 2*q - 56 = -c*q. Suppose -6*y - q*y = -2795. Is y a prime number?
False
Let n be ((-12)/18)/((-1)/3). Suppose -4*t + 7768 = -3*a, -t - 1951 = -n*t + 3*a. Is t a prime number?
False
Let d be (-6 - -13 - 6)/((-1)/(-9)). Suppose 2*v - 10550 = -r, d*r - 6*r = 5*v - 26397. Is v a composite number?
True
Let r(q) = q**2 - 2*q - 6. Let u be r(5). Let p be (-13)/(-13)*(4 + 0) + u. Suppose p*a - 8424 - 1859 = 0. Is a a composite number?
True
Let l(i) = -i + i**3 + 16*i**2 - 2*i + 19 - 6*i. Suppose 39*a - 5*r = 37*a - 50, 4*r = 16. Is l(a) prime?
True
Let r(n) = -4*n**2 - 20*n + 18. Let b be r(-6). Is 889*(-6 - (-1 + b)) composite?
True
Suppose c + 0*m - 3*m = 37, -2*c = -5*m - 79. Suppose -c*i = -53*i. Suppose 4*u + 3*t - 7213 = i, 5*u = -0*u + 3*t + 8996. Is u composite?
False
Let s(t) = -4 - t**2 + 160*t**3 + 3*t**2 - 3*t + 2*t + 2*t. Is s(3) prime?
True
Let d(i) = 1031*i**2 + 44*i - 193. Let z be d(5). Suppose -16*r = 22*r - z. Is r a prime number?
False
Suppose -8*h - 4*i + 8 = -4*h, 5*h - 2*i = 24. Let c be (2 - h) + 16/4. Suppose c*g + 52 = 4*p, 3 = p - 0*g - 3*g. Is p composite?
True
Let v be (-3 - 1) + (18 + 3)*1. Suppose v*y = 12*y + 6895. Is y composite?
True
Let o(m) = 325*m - 44. Let u(r) = 326*r - 43. Let v(a) = 4*o(a) - 3*u(a). Is v(13) composite?
False
Suppose -79*k + 180755 = -74*k. Is k composite?
False
Let c = 24973 - 9316. Suppose -i + 3*u = -3001 - 2218, 4*u - c = -3*i. Is i a prime number?
False
Is -17 + 12 + (-12)/2 + 74214 + -6 composite?
False
Is 24/252*-6 + 1265*733/7 a prime number?
False
Let v(g) = 8654*g**2 + 25*g + 53. Is v(-6) prime?
True
Let g = -2266 - -2304. Suppose -3*f - 4*h + 759 = 0, 133 - 616 = -2*f + 5*h. Let n = g + f. Is n a composite number?
True
Suppose 47*c - 11*c + 1598076 = 90*c. Is c a prime number?
False
Let b = 349 + -235. Let p be (b/(-8))/((-24)/1216). Let f = p - 319. Is f prime?
False
Let o = -2648 - -4124. Let c = 3295 - o. Is c a prime number?
False
Let k(b) = 380*b**3 - 7*b - 114. Is k(5) composite?
False
Is (-328230)/(-22) + -11 + 4485/429 prime?
False
Let q(v) = -96*v**3 - 7*v**2 - 36*v - 150. Is q(-7) prime?
True
Suppose -v + 8 = 0, n - 13*v = -17*v + 337773. Is n prime?
True
Let a(g) = g**2 - 15*g + 8. Let i be 9/(-18) - 42/(-4). Let w be a(i). Let d = w + 52. Is d a prime number?
False
Let t = -21813 - -31249. Let a be 2/(-12) + t/24 + 3. Suppose 0 = -5*c - 3*x + 1471, 2*x - 107 = c - a. Is c composite?
False
Let u = -283985 - -722002. Is u prime?
True
Let a(r) = -r**2 + 12*r + 12. Let h be a(12). Suppose h*o + 34332 = 24*o. Is o a prime number?
True
Let k = 304873 + -72230. Is k prime?
True
Let k be 30/(-10) - 1/((-2)/28). Let v(u) = -k - 12 - 38 - 141*u. Is v(-6) a composite number?
True
Suppose z = f + 2, -z = z - 4. Suppose f = -8*u + 3*u - 0*u. Suppose 3279 = a - 4*g, u = -0*a - 4*a + 2*g + 13172. Is a a prime number?
False
Suppose -39250 = 5*r + k, -5*r = -10*r - 4*k - 39265. Let d = -5354 - r. Is d composite?
True
Is (9 + 3460257/(-36))*60/(-15) composite?
False
Let t(o) = 38850*o + 983. Is t(17) composite?
True
Suppose 4*n = -5*l - n + 30265, 3*n = 5*l - 30249. Let g = -1064 + l. Is g a composite number?
False
Let n(y) = 787*y + 5834. Is n(59) composite?
False
Let q be -1*(-106)/22 - 10/(-55). Suppose 34*i = -3*d + 32*i + 4539, 0 = -4*d - q*i + 6059. Is d a prime number?
True
Suppose -2*m = 3*f - 21 - 4, 0 = -2*f + 10. Let l be 599 + -4 + m + 2. Suppose -2073 - l = -5*g. Is g a prime number?
False
Is ((-9941)/(-6))/(175/13650) prime?
False
Suppose -1333*g + 1320*g + 1884103 = 0. Is g a prime number?
True
Let c(k) = -k**3 - 9*k**2 - 12*k + 6. Suppose 0 = -0*m - 2*m. Suppose 15 = f - 5*w, 0 = -4*f - m*w - 5*w - 65. Is c(f) a prime number?
False
Suppose 13*i + x - 12305142 = 0, 2*i = 2*x + 1184499 + 708589. Is i a composite number?
False
Let l = -183 - -365. Let s = 237 - l. Is s a prime number?
False
Let j(m) = -18*m**2 + 3*m - 15. Let d be j(5). Let q = d - -839. Is q a prime number?
True
Let c(l) = 2*l**2 - 506*l + 492*l - 4*l**2. Let w be c(-7). Suppose 0 = j - w*j - 493. Is j a prime number?
False
Let i(o) be the third derivative of o**6/40 + o**5/30 + 5*o**4/12 - o**3 + 24*o**2 + 2. Let k be (-34)/(-4) + 3/(-2). Is i(k) a composite number?
True
Let h = 838 + 